444168856.
2, 3, 101840369
List the prime factors of 140365378.
2, 70182689
What are the prime factors of 2337534104?
2, 292191763
What are the prime factors of 317985359?
7127, 44617
List the prime factors of 274262616.
2, 3, 439, 8677
What are the prime factors of 28319?
28319
List the prime factors of 5928859.
149, 39791
List the prime factors of 37564044.
2, 3, 7, 61, 7331
List the prime factors of 60206543.
193, 311951
List the prime factors of 6422355025.
5, 59, 613, 7103
List the prime factors of 44321556.
2, 3, 3693463
List the prime factors of 1884756535.
5, 431, 874597
List the prime factors of 119563046.
2, 1693, 35311
What are the prime factors of 46974347?
7, 6710621
What are the prime factors of 521435378?
2, 5281, 49369
List the prime factors of 74559148.
2, 18639787
What are the prime factors of 3674414755?
5, 11, 827, 80783
What are the prime factors of 83263672?
2, 281, 37039
List the prime factors of 1341693143.
7, 41, 4674889
What are the prime factors of 1811380461?
3, 11, 43, 257, 4967
List the prime factors of 269261755.
5, 7, 107, 71899
List the prime factors of 54997464.
2, 3, 53, 43237
List the prime factors of 1740318322.
2, 17, 23, 97, 22943
List the prime factors of 1493545604.
2, 149, 739, 3391
What are the prime factors of 38329786?
2, 11, 379, 4597
List the prime factors of 242223126.
2, 3, 40370521
What are the prime factors of 937853603?
17, 53, 83, 12541
What are the prime factors of 98899717?
7, 14128531
List the prime factors of 233211797.
7, 13, 17, 233, 647
What are the prime factors of 5084959278?
2, 3, 7, 23, 5263933
List the prime factors of 578578061.
701, 825361
List the prime factors of 5145888939.
3, 71, 24159103
What are the prime factors of 35205781?
13, 139, 19483
What are the prime factors of 599343714?
2, 3, 19, 1752467
What are the prime factors of 1678272136?
2, 53, 353, 11213
List the prime factors of 32234928.
2, 3, 11, 61051
List the prime factors of 64004235.
3, 5, 17, 499, 503
What are the prime factors of 2605815063?
3, 17, 59, 96223
List the prime factors of 6054444400.
2, 5, 53, 277, 1031
What are the prime factors of 3895193938?
2, 1947596969
What are the prime factors of 1107037018?
2, 379, 479, 3049
List the prime factors of 1757377863.
3, 37, 103, 5693
List the prime factors of 210637366.
2, 105318683
List the prime factors of 22515949.
1907, 11807
What are the prime factors of 354256165?
5, 70851233
What are the prime factors of 40496810?
2, 5, 67, 60443
List the prime factors of 49799234.
2, 1471, 16927
What are the prime factors of 176909406?
2, 3, 29484901
List the prime factors of 509469250.
2, 5, 101, 20177
What are the prime factors of 27392769?
3, 1014547
List the prime factors of 24316759.
83, 292973
List the prime factors of 7329867.
3, 67, 36467
List the prime factors of 114884258.
2, 57442129
What are the prime factors of 192217510?
2, 5, 29, 662819
List the prime factors of 689099614.
2, 7, 563, 87427
What are the prime factors of 1652838946?
2, 11, 67, 101939
List the prime factors of 111982944.
2, 3, 17, 59, 1163
What are the prime factors of 19427415?
3, 5, 7, 53, 3491
What are the prime factors of 205706937?
3, 68568979
List the prime factors of 447957609.
3, 11, 103, 11981
What are the prime factors of 1114494252?
2, 3, 92874521
What are the prime factors of 518309109?
3, 557, 103393
What are the prime factors of 1652815399?
887, 1863377
What are the prime factors of 1301870?
2, 5, 211, 617
List the prime factors of 1511764207.
257, 5882351
What are the prime factors of 364138497?
3, 37, 121501
List the prime factors of 215341959.
3, 7, 10254379
What are the prime factors of 22434594?
2, 3, 7, 13, 17, 2417
List the prime factors of 1284409808.
2, 11, 79, 92377
What are the prime factors of 454694171?
454694171
List the prime factors of 129421392.
2, 3, 2696279
What are the prime factors of 32913519?
3, 911, 12043
What are the prime factors of 61224543?
3, 6802727
List the prime factors of 232802906.
2, 7, 1117, 14887
What are the prime factors of 955535694?
2, 3, 17, 9367997
List the prime factors of 5535861775.
5, 221434471
List the prime factors of 1644378775.
5, 13, 5059627
List the prime factors of 55537447.
7, 97, 263, 311
What are the prime factors of 4489790808?
2, 3, 23, 47, 61, 2837
List the prime factors of 2709505665.
3, 5, 60211237
What are the prime factors of 59690868?
2, 3, 4974239
List the prime factors of 102564544.
2, 23, 69677
What are the prime factors of 53352297?
3, 1976011
List the prime factors of 648619710.
2, 3, 5, 61, 239, 1483
What are the prime factors of 64880795?
5, 7, 37, 50101
What are the prime factors of 94451401?
11, 8586491
List the prime factors of 1251372149.
1251372149
List the prime factors of 41655484.
2, 13, 23, 29, 1201
List the prime factors of 54647743.
19, 1597, 1801
List the prime factors of 118313747.
118313747
What are the prime factors of 4267859675?
5, 29, 47, 251, 499
List the prime factors of 68020282.
2, 11, 37, 83563
What are the prime factors of 959710110?
2, 3, 5, 31990337
List the prime factors of 5271633134.
2, 71, 349, 106373
List the prime factors of 601713089.
41, 61, 240589
List the prime factors of 186430770.
2, 3, 5, 2071453
List the prime factors of 422907028.
2, 17, 6219221
What are the prime factors of 332068522?
2, 166034261
List the prime factors of 1124456055.
3, 5, 6131, 12227
List the prime factors of 221018383.
163, 1355941
What are the prime factors of 510199430?
2, 5, 13, 3924611
What are the prime factors of 510502480?
2, 5, 23, 41, 67, 101
List the prime factors of 270483348.
2, 3, 29, 777251
List the prime factors of 336986649.
3, 4160329
What are the prime factors of 618784612?
2, 137, 1129169
What are the prime factors of 31877344?
2, 996167
List the prime factors of 56005561.
31, 1806631
What are the prime factors of 318084962?
2, 13, 127, 96331
List the prime factors of 257540295.
3, 5, 67, 109, 2351
What are the prime factors of 1142313459?
3, 7, 19, 2862941
List the prime factors of 36123644.
2, 9030911
List the prime factors of 829099826.
2, 17, 163, 149603
What are the prime factors of 89442809?
89442809
What are the prime factors of 5435726700?
2, 3, 5, 41, 359, 1231
List the prime factors of 285252730.
2, 5, 7, 4075039
List the prime factors of 127411499.
73, 331, 5273
List the prime factors of 4521769885.
5, 223, 4055399
What are the prime factors of 3185188149?
3, 11, 13, 43, 1427
List the prime factors of 99698978.
2, 49849489
What are the prime factors of 167761885?
5, 23, 37, 89, 443
What are the prime factors of 1864406487?
3, 621468829
What are the prime factors of 220321395?
3, 5, 7, 163, 613
List the prime factors of 40060488.
2, 3, 13, 128399
What are the prime factors of 44478389?
23, 59, 73, 449
What are the prime factors of 3247958501?
23, 29, 4869503
What are the prime factors of 295377?
3, 98459
List the prime factors of 545012550.
2, 3, 5, 31, 1447
List the prime factors of 355034609.
355034609
List the prime factors of 52294233.
3, 83, 103, 2039
What are the prime factors of 634577280?
2, 3, 5, 330509
List the prime factors of 8220799.
8220799
What are the prime factors of 53002090?
2, 5, 17, 139, 2243
What are the prime factors of 99809489?
13, 19, 23, 17569
What are the prime factors of 623432961?
3, 181, 382709
List the prime factors of 115032539.
857, 134227
List the prime factors of 881944987.
7, 11, 37, 349, 887
What are the prime factors of 285624960?
2, 3, 5, 148763
What are the prime factors of 95787862?
2, 47893931
What are the prime factors of 88689066?
2, 3, 1567, 9433
What are the prime factors of 81792631?
73, 97, 11551
What are the prime factors of 6722095?
5, 23, 58453
What are the prime factors of 1286674817?
79, 157, 227, 457
What are the prime factors of 127643196?
2, 3, 59, 180287
What are the prime factors of 387835828?
2, 19, 5103103
What are the prime factors of 27950832?
2, 3, 7, 13, 79
List the prime factors of 1263981719.
7, 11, 13, 557, 2267
What are the prime factors of 950848914?
2, 3, 3823, 41453
What are the prime factors of 182856306?
2, 3, 193, 157907
List the prime factors of 1262896002.
2, 3, 29, 806447
List the prime factors of 560777122.
2, 23, 827, 14741
What are the prime factors of 18749158?
2, 37, 253367
What ar